 be j(1). Let n = -467 - y. What are the prime factors of n?
523
Let g(o) = 715*o - 244. What are the prime factors of g(20)?
2, 7, 251
Let h = 16 - 93. Let z = h + 112. Suppose -34*u + z*u - 66 = 0. What are the prime factors of u?
2, 3, 11
Suppose 6*l - 68 = 2*l. Let u be (2 - 0) + 1 - (-2639)/7. Suppose -l*t = -13*t - u. What are the prime factors of t?
5, 19
Let z(g) = 859*g**2 - 37*g + 25. What are the prime factors of z(3)?
5, 11, 139
Let v(x) = 4*x**3 + 35*x**2 - 8*x - 79. Let z(d) = -d**3 - 9*d**2 + 2*d + 20. Let f(s) = -2*v(s) - 9*z(s). What are the prime factors of f(-8)?
2, 3, 31
Let l(h) = -h**3 + 5*h**2 - 4*h - 2. Let x be l(4). Let r be x - (2/(-4) - (-2822)/(-4)). What are the prime factors of (-8)/20 - r/(-10)?
2, 5, 7
Let v(m) = m**3 + 7*m**2 - 2*m - 8. Let l be v(-3). Let r = l + -31. Suppose -3*d + 67 = 4*x, 0*x - r*d = x - 10. What are the prime factors of x?
19
Let r(g) = g**3 - 3*g - 1. Let w be r(2). Let f be 2 + 8 + (1 - w). Suppose 5*v - 2*h - 288 = 0, -2*v - 5*h = -102 + f. List the prime factors of v.
2, 7
Let t = -633 - -1224. Suppose 3*b - 2109 = -t. What are the prime factors of b?
2, 11, 23
Suppose m - 28099 = -a, a - 2*a = -3*m + 84269. List the prime factors of m.
2, 3, 2341
Let l be -1*14 + (-30)/(-15). What are the prime factors of (0 - (-54)/l)*-2 - -4?
13
Suppose -16942 = -24*l + 13274. What are the prime factors of (-3 + l)*3/6?
2, 157
Let q be (-1)/((-15)/150 + 6/10). Let k be (-3)/(24/32) - (-1 - q). What are the prime factors of 4/((20/(-18))/k)?
2, 3
Let m = -3 - -12. Suppose m*z = 10*z - 9. Suppose 0 = z*c - 32 - 40. List the prime factors of c.
2
Suppose -10*p + 472361 = -3*f, 36*p = 31*p - 4*f + 236197. List the prime factors of p.
47237
Let l(a) = -a**2 - 12*a + 40. Let w be l(-5). Let v = w - -721. List the prime factors of v.
2, 199
Let q be (-1 - (-242)/10)/((-112)/280). List the prime factors of q/29 + (2 - -607).
607
Suppose 62453 = 10*z + 5523. List the prime factors of z.
5693
Suppose 24423 + 18286 = 81*h - 127148. What are the prime factors of h?
3, 233
Let o(w) = -w**3 + 19*w**2 + 93*w + 8. List the prime factors of o(19).
5, 71
Suppose 5*f - 1 = 9. Suppose -5*w = f - 12. Suppose h - w = 26. List the prime factors of h.
2, 7
Suppose -2*c + f + 17430 = 0, 5*c - 9*f = -10*f + 43589. List the prime factors of c.
23, 379
Let l be -3*2/1 - -6. Suppose l = 7*t - 3471 - 274. List the prime factors of t.
5, 107
Suppose -3*x = -111*x + 1353291 - 268863. List the prime factors of x.
3, 3347
Let q be 0 - (-1 + 4 + -6). Suppose -k = -q*k - 2. List the prime factors of (-1)/(6/(-186)) - (0 - k).
2, 3, 5
Suppose 0 = -34*x - 22576 - 9146. What are the prime factors of -4 + (-3 + -4 - x)?
2, 461
List the prime factors of (-1)/(1/(-22130)) - (93 + -85).
2, 3, 1229
Let w(g) = -g - 2. Let b be w(-6). Suppose 2*j + 3*y - 4 = 0, -b*y + 0*y - 23 = -3*j. Suppose 3*k + 168 = j*k. What are the prime factors of k?
2, 3, 7
List the prime factors of (-4740)/(-8)*176/8.
3, 5, 11, 79
Suppose 0*a - 1197 - 94113 = -18*a. What are the prime factors of a?
3, 5, 353
Let b = -174 - -371. Let t be (8/(-2))/(-4)*-85. Let g = t + b. List the prime factors of g.
2, 7
Let z = -6666 - -39644. What are the prime factors of z?
2, 11, 1499
Suppose -174*w + 170*w = -120. List the prime factors of (-6)/w - 9213/(-15).
2, 307
Let i = 31465 + -19193. What are the prime factors of i?
2, 13, 59
Let y(w) = -2*w + 1. Let c be y(-6). Let k = -60 + 155. Let d = c + k. What are the prime factors of d?
2, 3
Let q(j) = -3*j**3 + 42*j**2 - 53*j + 23. Let u(p) = p**3 - 14*p**2 + 18*p - 8. Let l(s) = 6*q(s) + 17*u(s). List the prime factors of l(6).
2, 109
Let r be 1*2*(-2 - 12/(-8)). Let g(z) = -175*z**3 - 2*z - 1. What are the prime factors of g(r)?
2, 11
Let f be (-4 - (-159)/(-2))/((-1)/26). Let y = f - 1391. Suppose y = 12*q - 792. What are the prime factors of q?
131
List the prime factors of (3/(6/(-3622)))/((-21)/525*5).
5, 1811
Suppose -194196 + 43916 = -26*h. What are the prime factors of h?
2, 5, 17
Suppose 4*g + 586 = -2*i - 1392, 0 = 4*g - 4*i + 1948. Let m = 842 - g. Suppose -b - 3*a + 2*a + 271 = 0, -5*b + 2*a = -m. What are the prime factors of b?
2, 67
Let w(m) = 0*m - 14 - 5*m**2 + 0*m**2 - 23 + 10*m. Let a be w(9). Let k = -227 - a. List the prime factors of k.
5
Let b(g) = 579*g**2 - 27*g + 129. List the prime factors of b(-7).
3, 73, 131
Suppose -3*t + 3 = 0, 3*d - 52191 = -5403*t + 5400*t. What are the prime factors of d?
2, 4349
Let u = 31475 + -9207. List the prime factors of u.
2, 19, 293
Suppose -2*g - 173319 = -4*j - 69013, 3*j + 5*g - 78236 = 0. What are the prime factors of j?
89, 293
What are the prime factors of 8/(10 + (-58995)/5900) - -8?
2, 1181
Let m = -11 + 15. Suppose -329 = -3*y - 5*c, -m*c + 544 = -0*y + 5*y. Suppose -y = 5*q - 308. List the prime factors of q.
2, 5
Let z(i) = -1519*i**3 - 34*i**2 - 18*i - 34. What are the prime factors of z(-3)?
139, 293
Let p(f) = 36*f - f**3 - 42 + 88*f + 30*f**2 - 82*f. What are the prime factors of p(30)?
2, 3, 7, 29
Let v(g) = 2295 - 35*g - 989 - 1159. What are the prime factors of v(-15)?
2, 3, 7
Let x = -305 + 211. Let t = x - -97. What are the prime factors of (t/(-5))/(7/(-735))?
3, 7
Let a = -23 + 28. Suppose -4*d + 4 = 2*l, -a*d = 2*l - 6*l + 8. Suppose 127 = l*v + 7. What are the prime factors of v?
2, 3, 5
Suppose -3*c + 603 = 4*f - 4*c, 0 = 2*f - 4*c - 298. Suppose 2*d = 3*o - 0*o + 337, 0 = -d - 2*o + f. What are the prime factors of d?
7, 23
What are the prime factors of 0 - (-6)/21 - 291*284/(-42)?
2, 3, 41
Let y(h) = 5*h**2 + 3*h - 5. Let l be y(-2). Suppose 0 = -l*f + 6413 + 1813. List the prime factors of f.
2, 457
Let o be (2/(-5))/((-1)/10) - -19. Suppose -19*n + o*n - 2392 = 0. List the prime factors of n.
2, 13, 23
Let h = -12695 + 18514. What are the prime factors of h?
11, 23
Let t(i) = 2*i**2 + 2*i - 11. Let q(f) = -3*f + 18. Let w be q(6). Suppose w = -2*b + 13 - 1. List the prime factors of t(b).
73
Let p = 13324 - 4143. What are the prime factors of p?
9181
Suppose 2*u = 0, -3*o + 5*u + 21 = -3. Suppose 0 = -o*t + 2155 + 1101. List the prime factors of t.
11, 37
Let f = -71 - -78. Suppose -270 = -f*z + z. Let a = z + -23. List the prime factors of a.
2, 11
Suppose 56*n - 7*n = 255927. What are the prime factors of n?
3, 1741
Let h = 7742 + -1023. What are the prime factors of h?
6719
Let l(g) = 104*g**2 + 118*g - 102. List the prime factors of l(-10).
2, 47, 97
Suppose 10*f - 213148 = -36988. Suppose f = 31*d - 13756. What are the prime factors of d?
2, 11, 23
Let k(c) be the first derivative of -c**3/3 + 11*c**2/2 - 19*c + 4. Let m be k(8). Suppose -499 = -m*n - 134. List the prime factors of n.
73
Let m = -421 + 421. Suppose -5*o + 9*o - 4*b - 2768 = m, 3*o - 2081 = 2*b. What are the prime factors of o?
17, 41
Let x = -27 - -32. Suppose -x*t + 121 - 16 = 0. List the prime factors of (t*4/18)/((-16)/(-888)).
7, 37
Let r(c) = -12*c**3 + 4*c**2 + 51*c + 20. List the prime factors of r(-10).
2, 3, 5, 397
Let b(l) = 1934*l**2 - 30*l + 56. What are the prime factors of b(-4)?
2, 5, 389
Suppose 7*r - 42 = 10*r. What are the prime factors of (-68)/(-3*(r/(-6) + -2))?
2, 17
Suppose 13*m = 10*m - 2*z + 14616, z = 4*m - 19499. List the prime factors of m.
2, 2437
Suppose 0 = 5*w + 4*l + 694, -2*w + 10*l - 273 = 7*l. What are the prime factors of (-1)/(1 - 0)*(w - -80)?
2, 29
Let b be (4/(-16) - (-5)/4) + -1. Suppose 5*u - u = -5*m, b = -5*u - 2*m. Suppose 0 = o - u*q + 4*q - 48, 0 = -4*o - 3*q + 244. What are the prime factors of o?
2
Suppose 0 = 18*z - 17*z - 4*p - 3480, -5*z = 4*p - 17184. List the prime factors of z.
2, 3, 7, 41
Let f = 23883 - 12228. List the prime factors of f.
3, 5, 7, 37
Suppose -2400 = 123*k - 119*k. Let a = -90 - k. List the prime factors of a.
2, 3, 5, 17
Suppose -5*n = -13*n - 408. Let z = n + 33. Let s(t) = t**3 + 19*t**2 + 10*t + 6. List the prime factors of s(z).
2, 3, 5
Let s = 1303 - 2863. List the prime factors of 12/90 - (-154)/(-30) - s.
5, 311
Suppose -34*t - 322092 = -80*t. What are the prime factors of t?
2, 3, 389
Let m(d) = 13*d**2 + 5*d - 5. Suppose i + 4*w = -68, -6*i + w - 178 = -3*i. Let x = i - -64. List the prime factors of m(x).
223
Let x = -17 + 58. Suppose 4*u + 0*s + s - 107 = 0, -3*s = 2*u - x. List 